 2*o(v) - 3*z(v). Let g be r(-12). Let j(x) = x**3 - 5*x**2 - 10*x + 3. What is the tens digit of j(g)?
3
Let i be -2 + 39 + 1 + -2. Suppose 3*t - 664 = -4*c, 47*c - 48*c + 166 = -3*t. Let n = i + c. What is the units digit of n?
2
Suppose -4039 = -6*r - 445. Let n = -204 + r. Suppose -3*x + 4*h + 36 + 224 = 0, h - n = -5*x. What is the tens digit of x?
8
Let f(p) be the third derivative of -p**6/120 + p**5/5 + 23*p**4/24 + 13*p**3/6 + 43*p**2. What is the tens digit of f(11)?
8
What is the thousands digit of 3 - (-8 + (-2 - 8183))?
8
Let w(q) = q**2 - 2. Let t be w(-2). Let c = 1 + t. Suppose 413 = 5*z + 4*n, -6*n = -c*z - n + 233. What is the units digit of z?
1
Suppose 4*r - 31 = 5*y, -2*r + 3*r + 4*y = -8. Suppose 3*d = -5*l - 223, -l + 6*l + 251 = r*d. Let j = 126 + l. What is the tens digit of j?
7
Let z be (-42)/7*(-1)/2. Suppose z*y + y + 401 = 5*a, 3*a = -2*y + 223. Suppose -i + a = -69. What is the hundreds digit of i?
1
Let d = 43851 + -30736. What is the ten thousands digit of d?
1
Let t be (-2 + 5)/((-1)/2 - -2). Suppose -109 = -s + p, 3*s - 2*p - 551 = -t*s. Let h = s + -53. What is the units digit of h?
8
Suppose -5*k + s + 382 + 1927 = 0, 3*s = -4*k + 1832. Let b = -52 + k. What is the hundreds digit of b?
4
Let f be 1 - (-2 + 72)/5. Let a = f + 20. Suppose -a*k = -577 - 88. What is the units digit of k?
5
Suppose 3*t - 8 = 4*x + 11, -3*t + 2*x = -23. Suppose 22*l = t*l + 1794. What is the units digit of l?
8
Let j(z) = 181*z - 38. Let x be j(4). Suppose -2*c + 3*y - 918 = 2*c, -y = -3*c - x. Let h = c - -423. What is the hundreds digit of h?
1
Let x(w) = 7*w + 44. Let b be x(-6). Let a(n) = -14*n + 4*n**b - 2*n**2 + 40 + 0*n**2. What is the tens digit of a(12)?
6
Let h = 96 + -92. Suppose 2*x + 886 = h*i, 5*x = -2*i + x + 448. Let c = 312 - i. What is the tens digit of c?
9
Let r(z) = 9 + 9*z + 4*z**3 - 2*z**2 + 16 - 3*z**3 - 10*z**2. Let c be r(11). Suppose 5*g = c*t - 2*t - 216, -t + 3*g + 210 = 0. What is the units digit of t?
1
Let w(k) = -93*k**2 + k - 6. Suppose 2*f + 3*a = 2, 0 = -3*f + 2*f + 5*a - 12. Let y be w(f). What is the hundreds digit of (-17 + 14)/(6/y)?
1
Suppose 2*w + 51 = 189. Let p = -237 + 239. Suppose p*c - 111 = n, 186 = 5*c + 5*n - w. What is the units digit of c?
4
Let m be (-7 - -3)/(-4)*(3 + 1). Suppose -m*t = 22*t - 10322. What is the tens digit of t?
9
Suppose -4*j + 10363 = -5*m, -3*j + m - 1994 + 9769 = 0. What is the thousands digit of j?
2
Suppose -a + 0 = -2. Let r(d) be the third derivative of d**6/24 + d**5/20 - d**4/8 + 1251*d**2. What is the units digit of r(a)?
6
Let n = 29 - 19. Let u be 0 + (-4)/(-8) + n/4. Suppose o + u*o - 60 = 2*v, -4*v + 62 = 5*o. What is the tens digit of o?
1
Suppose 10 = 2*n - 2. Suppose -n - 6 = -k. Suppose -k = -91*j + 90*j. What is the tens digit of j?
1
Let a(y) = 2*y**2 + 5*y + 10. Let m be a(-4). Suppose m*t = 17*t - 620. Let h = t + 233. What is the tens digit of h?
0
Suppose 0 = -2*h + 504 - 1574. Let p = 796 + h. What is the units digit of p?
1
Suppose 0 = 67*f + 22*f - 18*f - 782917. What is the hundreds digit of f?
0
Let w(r) = -r**3 - r**2 + 6*r - 7. Suppose 42 = -j + 35. What is the tens digit of w(j)?
4
Let g(b) = -281*b - 1322. What is the units digit of g(-10)?
8
What is the tens digit of 1 + 9/(-1) + 815 + 4109?
1
What is the ten thousands digit of (-59)/(177/2)*(174206/(-4) + 2)?
2
Let m(g) = -39*g**2 - 12*g - 5. Let z be m(-5). Let d = z - -130. What is the hundreds digit of (-2)/(d/197 - -2*2)?
1
Suppose 7*w + 6 = -8. What is the hundreds digit of (10/(-2) - w) + 141?
1
Suppose -125*p + 22*p + 7474005 = 128*p. What is the hundreds digit of p?
3
Let l = 111 - -1099. Suppose -3*k + 302 + l = 0. Suppose 5*g - k = 4*o, -124 = -2*g + g - 5*o. What is the hundreds digit of g?
1
Let h(d) = d**3 - 13*d**2 + 5*d + 17. Let z be h(13). Suppose 3*w + 3*u - 228 = 0, -4*u + 17 = 1. Let y = w + z. What is the tens digit of y?
5
Suppose -4*l + 4 = 3*k - 10, -8 = -4*l. Suppose 2 - 8 = -k*u. What is the tens digit of (2 - (-81 - u)) + -2?
8
Let x(u) = 5*u**3 - 32*u**2 - 27*u - 47. What is the units digit of x(17)?
1
Let o(g) be the second derivative of g**4/6 + 29*g**2/2 - 8*g + 3. What is the tens digit of o(-5)?
7
Let y(u) be the second derivative of u**4/12 + 6*u**3 + 15*u**2/2 + 13*u. Let a be y(-17). Let g = -213 - a. What is the tens digit of g?
9
Let s(v) = 551*v**3 + 18*v**2 - 35*v + 2. What is the thousands digit of s(3)?
4
Suppose 42*g - 279478 - 539438 = 0. Suppose 17*l - g = 1616. What is the hundreds digit of l?
2
Let a(g) = 1 - 27*g - 60 + 8. Let x be a(-5). What is the units digit of (-622)/(-7) + 12/x?
9
Let n(u) = -12*u + 92. Let q be n(3). What is the tens digit of 4822/8 + 14/q?
0
Let i(g) = g**3 - 37*g**2 + 171*g + 248. What is the ten thousands digit of i(52)?
4
Let i(y) = -198*y + 6384. What is the thousands digit of i(-38)?
3
Let q(i) = 4*i - 37. Let v(y) be the first derivative of 2*y**2 - 37*y - 31. Let o(u) = -4*q(u) + 3*v(u). What is the units digit of o(-7)?
5
Suppose -69285 = -4*l - 3*r, -l + 19016 = 3*r + 1697. What is the thousands digit of l?
7
Let z(a) = -52*a + 118*a - 62*a + 66 + 39. What is the units digit of z(13)?
7
Let i(y) = y**2 - 15*y + 18. Let w be i(14). Suppose 5*u + 4*p = 109, -w*u + 20 = -3*u - p. What is the tens digit of u*(5/(-15))/(2/(-30))?
0
Let z = 59764 - -16835. What is the hundreds digit of z?
5
Let d = -11644 + 28256. What is the tens digit of d?
1
Let t = 81642 - 41257. What is the hundreds digit of t?
3
Let j(w) = -w**2 - 5*w + 6. Suppose 0 = -0*y + y. Let c be j(y). Suppose c*x - 13 - 71 = 0. What is the units digit of x?
4
Suppose -u - 4 = -2*a, -3*a - 3*u = u + 5. What is the units digit of 6 + (a - 7) + 460?
0
Let l(w) = -731*w**3 + 2*w**2 - 7*w - 8. Let v be 12 + -18 + (9/3 - -2). What is the units digit of l(v)?
2
Suppose -18*u + 21*u = 66. Suppose 0 = -33*h + u*h + 4158. What is the tens digit of h?
7
Let r = -1842 - -2681. Let u = -504 + r. What is the tens digit of u?
3
Let p be (28/(-21))/(-1)*(-18)/(-8). Suppose 4*t + 7023 = 5*z, 0 = -p*t + 3 - 9. What is the units digit of z?
3
Suppose -173*f + 343*f = 2976530. What is the ten thousands digit of f?
1
Let k(p) = 3*p**2 - 43*p + 43. Let i be k(13). Let o(w) = w**3 - 7*w**2 + 6*w - 12. Let u be o(5). Let h = i - u. What is the tens digit of h?
2
Let j(y) be the third derivative of 0 + 1/3*y**4 - 8/3*y**3 - 13/60*y**5 + 0*y - 22*y**2 - 1/120*y**6. What is the units digit of j(-14)?
8
Suppose 5*i = -3*b + 4*i + 2976, 0 = 2*i + 6. Let q = -612 + b. What is the units digit of q?
1
Let o = 340 - 336. Suppose o*t + 13122 = 22*t. What is the tens digit of t?
2
Let f(a) = 5*a**3 - 6*a**2 + 6*a + 2. Suppose 3*r + 4*m - 19 = 0, 0 = 5*r - 2*m - 0*m - 23. What is the tens digit of f(r)?
0
Suppose -4525*l + 22896 = -4521*l. What is the hundreds digit of l?
7
Suppose 0 = -2*a - 0*a + 5*n - 322, 2*a - 2*n + 328 = 0. Let x = a - -470. What is the hundreds digit of x?
3
Let d(s) = 22564*s**3 - 7*s**2 + 34*s - 29. What is the units digit of d(1)?
2
Suppose 4*y - 31784 = -5*i + y, 0 = 5*i + 5*y - 31780. What is the tens digit of i?
5
Let j be 5 + ((-14)/21 - (-28)/(-12)). What is the tens digit of (6 - (-220 + -1))*(-1 + j)?
2
Suppose 4*t = -z - 5104, -z - 2213 = -5*t - 8593. Let x = t + 2195. What is the tens digit of x?
1
Let a = 222 - 220. What is the units digit of (-22)/12 + a + (-6812)/(-24)?
4
Suppose 5*o + 1 = 11, -4*o = -5*f + 17. Suppose d - f = 0, -4*l + 2*d + 139 = -3*d. Suppose 0 = 33*c - l*c + 2024. What is the units digit of c?
3
Let v(q) = 5*q + 4. Let d be v(-1). Let w be 1 - (3 - (1 - d)). What is the units digit of (2 + w)/((-1)/(-2))?
4
What is the ten thousands digit of (13262 - 1) + -5 + -2 + 5?
1
Let s = -61234 + 117744. What is the thousands digit of s?
6
Suppose -16*g + 729 = -19*g. Let o = 40 - g. What is the hundreds digit of o?
2
Let u(b) = -b**3 + 12*b**2 - b - 11. Let f be u(12). Let a = f + 28. Suppose a*x = 5*c - 565, 2*c + 3*x - 424 = -2*c. What is the units digit of c?
9
Suppose 27*c + 8 = 29*c. Suppose -8*q = -c*q, 0 = -5*t - q + 175. What is the tens digit of t?
3
Suppose 15*z = 120 - 0. Suppose -3*c - 203 = -i, -10*i - 5*c + 406 = -z*i. What is the units digit of i?
3
Suppose 0 = 4*j - 6*j + 6. Let s be -10*(j/(-6))/1. 